- 60. Suppose -24 = -g*j + 58*j. Is 15*(968/j + -1) a prime number?
False
Is (-38)/190*(-5)/3*31953 a composite number?
False
Let v = 119 - 32. Let o = v + -62. Suppose 24*y = o*y - 4963. Is y composite?
True
Let m(o) = 4*o**2 - 2*o + 1195. Is m(54) composite?
True
Let j(o) = -3*o**3 - 4*o + 609 + 20*o**2 + 4*o**3 - 554 - 4*o + 21*o. Is j(-13) a prime number?
True
Let q be 205/(-10)*-8*163. Suppose q + 153848 = 20*d. Is d a prime number?
True
Suppose 0 = -7*w + 6*w + 2. Let f(b) = 5*b**w - 14 + b**2 - 6*b - 17*b**3 + 18*b**3. Is f(-6) a prime number?
False
Suppose 2*p - 20 = 4*s, 3*p - 8*s + 3*s = 27. Suppose -p*h - b + 5688 = 0, 0 = 9*b - 7*b + 8. Is h a prime number?
True
Let b = -71 - -77. Suppose -3*l + 14459 = 4*m, 2*l - b*l + 7242 = 2*m. Is m composite?
True
Let v(f) = -53*f**3 - f**2 + 4*f - 1. Let k = 82 + -82. Suppose 2*r + 22 - 16 = k. Is v(r) a composite number?
False
Let r be ((-62372)/(-5))/((-14)/420*-6). Suppose 0 = -9*t + r + 136627. Is t a composite number?
False
Let v(y) be the third derivative of 0 + 13/30*y**5 - y**2 + 17/6*y**3 + 1/2*y**4 + 0*y - 1/120*y**6. Is v(26) a composite number?
True
Is (-30)/(-4)*(-58)/(-87) - -583814 composite?
True
Let m(j) = j**3 + 115*j**2 - 131*j + 799. Is m(-84) a prime number?
True
Let q = -1933 + 11154. Is q a composite number?
False
Let t(h) = 5*h**3 + 3*h**2 - 34*h + 18. Let w be t(-12). Let k = w + 11741. Is k a prime number?
False
Let h be 2 + 6608 + (-3 - (-4)/2). Suppose 13*n - h = 1802. Is n prime?
True
Let x(g) = 122059*g**2 + 74*g - 3. Is x(2) prime?
True
Suppose 9*w = 20 + 16. Let a be (3/w)/(3/12). Suppose -a*j + 1833 = -6534. Is j a prime number?
True
Let f = 173807 - 96001. Is f prime?
False
Let x(q) = 3*q**2 + 17*q + 22. Let f be x(-3). Is (-74016)/(-108) - f/(-6) a composite number?
True
Suppose 99429 = 88*w - 19*w. Is w prime?
False
Is (-40)/(9 - 5) - (-2 - 29131) composite?
False
Let s(r) = -r + 9. Let t be s(16). Let n(v) = 3*v**2 + 18*v - 8. Let m be n(t). Suppose 2170 = h + m*h. Is h a prime number?
False
Is 1485004*26/312 + ((-8)/(-3))/4 composite?
True
Let q = -1089 - -9747. Let k = q + -5071. Is k a composite number?
True
Let v(i) = -3*i**3 + 3*i + 4. Let q be v(-1). Suppose -6411 = -n - q*s, 0 = 2*n + 3*s - 2600 - 10237. Is n a prime number?
False
Suppose -54*a + 5*a - 22197 = 0. Suppose -3*f + 5*g = 3203, 1067 = -0*f - f + g. Let r = a - f. Is r prime?
True
Let i(t) = 71*t**2 + t + 8. Let d be i(-3). Let o = 563 + 350. Let u = o - d. Is u prime?
True
Let t be (1520/15)/4*3. Is (-3834)/(-8) - 19/t a composite number?
False
Let v(n) = -19*n**2 - 2*n + 11. Let a be v(5). Let b = a + 1873. Is b prime?
True
Let n = -204 + 207. Suppose 4*i - 4*d - 8520 = 0, -6388 = -3*i - 2*d + n*d. Is i composite?
False
Suppose -4*c + 176 = -g, 0*g - 3*g = -12. Is 8/(-10) - (-14301)/c - -2 a prime number?
False
Let b(g) = 5*g**3 + 2*g**2 - 7. Let v be b(3). Suppose 108 = 2*y - v. Is y a prime number?
True
Suppose 5819174 = 26*i + 1719312. Is i prime?
False
Is 4/(3/3) + 0 - (-13309170)/30 composite?
True
Let o be (-8)/7 + (-1)/(-7) + 11. Suppose 4*w + 24 = o*w. Suppose -w*z - 794 + 2958 = 0. Is z composite?
False
Suppose -114*b - 117*b = 1645811 - 8830604. Is b prime?
False
Is (21/(-5))/3 - (-1294210)/25 a composite number?
False
Suppose 0 = -4*k - 1 + 17. Let g(j) = 2*j**2 - 5*j. Let z be g(k). Is -538*(-2)/z*3 a composite number?
False
Let r = 131289 - 68048. Is r composite?
False
Is (7 - 22/3)/(1/(-61365)) composite?
True
Let y(l) = 650*l - 257. Is y(89) a prime number?
True
Let m be 224/(-8)*(-26)/8. Let g be (24/(-48))/((-3)/18). Suppose g*d + m = 760. Is d a prime number?
True
Suppose 48 = -57*l + 58*l. Suppose -2*g + 14796 = -2*s, 45*s - l*s = -2*g + 14801. Is g a composite number?
False
Let k(h) = 570*h**2 - 403*h - 5. Is k(-16) prime?
True
Suppose 296997 = 7*p + 11*l - 10*l, l - 169710 = -4*p. Is p prime?
False
Suppose x = 4*m + 23085, 2*m - 3*x = x - 11560. Let c = 12577 + m. Is c prime?
False
Suppose 30*d - 76*d + 390447 = -19*d. Is d a composite number?
False
Suppose 0 = -9*i + 4*i - 5. Is ((-14)/18*-2019)/(i/(-3)) prime?
False
Suppose 2*a + 3*k = 5, -a - 35 = 3*a - 3*k. Is (13 + a + 2)*149/2 a prime number?
False
Suppose 2*b - 384906 = 70*v - 68*v, -3*b - v + 577359 = 0. Is b a prime number?
False
Let v be (0 - 0) + 3 + 2. Suppose 0 = -2*u - u + 6, 3*h + 13 = v*u. Is 7*(-12 + h)/(-1) prime?
False
Let k(l) = -l**2 + 6*l + 4. Let j be k(6). Let d = -2270 - -2272. Suppose -d*n = 2*c + c - 1789, -887 = -n - j*c. Is n composite?
True
Let j(c) = 24*c**2 - 20*c + 803. Is j(-31) a composite number?
True
Suppose -5*k - 4*x = -x + 5189606, 0 = 4*k - 2*x + 4151676. Is (-14)/(-6) + k/(-78) a prime number?
True
Suppose -191*s = -200*s. Is (261/(-45))/(s + (-2)/3790) composite?
True
Let r = -130489 + 848740. Is r composite?
True
Suppose 9*z - 5*z = u + 3499, 5*u - 2607 = -3*z. Is -1 - (-6 + 2 - (z + 10)) a prime number?
True
Suppose x + 24900 - 124759 = -3*r, 299577 = 3*x + 2*r. Is x composite?
False
Suppose -3 = -l - 5*c, c = 4*l - 42 - 12. Suppose l*g + 18640 = 8*g. Is 1*(g/(-10) + (-1)/(-5)) a prime number?
True
Suppose 62167 = 3*i - 5*f - 26499, 3*f = 4*i - 118225. Is i prime?
False
Let a(d) = 6236*d**2 - 929*d - 1859. Is a(-2) a prime number?
True
Let a(n) = -6*n**3 + 50*n**2 - 32*n - 319. Is a(-35) a composite number?
True
Suppose -3*h + 2 = r, 3*h + 36 = 4*r + 13. Is -3973*((-10)/5 - h) a composite number?
True
Let c be 78/12 + 1/(-2) + 0. Let s = 10 - c. Is (0 - 12)*(-42)/s + 1 prime?
True
Let z = -224 - -304. Suppose -4*o - 2*x + 176 + z = 0, 0 = -5*o + 2*x + 329. Is o prime?
False
Suppose 30 = 3*m - 3*i, 25 = m - 2*i + 10. Suppose s - 8 + 13 = 0, 4*j - 13029 = m*s. Is j composite?
False
Let z = 136629 + -36274. Is z composite?
True
Suppose 0 = -107*f + 18456801 - 5801590. Is f prime?
True
Let p(b) = 49*b**3 + 8*b**2 + 87*b - 1219. Is p(25) a prime number?
False
Is (19785/(-10))/(39/(-26)) composite?
False
Suppose 760760 = 4*j - 2*r, 1364*j + 5*r = 1361*j + 570531. Is j a composite number?
True
Let q = 504641 + -339250. Is q a prime number?
True
Let h be 33/(18/(-80) + 9/15). Let v = h + 349. Is v prime?
False
Suppose -2*d + 6*d = 56. Suppose -5*s + d - 4 = 0. Suppose s*w + 273 = 1035. Is w a prime number?
False
Let f(g) = 3*g - 33. Let r be f(11). Suppose r = -10*a + 2*a + 16. Suppose a*k - 312 = s, -80 - 81 = -k - 2*s. Is k composite?
False
Let o(c) = 26422*c**2 - 52*c - 139. Is o(-3) a composite number?
True
Let n = 14 - 6. Suppose -10*s + n*s = -1026. Suppose s = 4*d - h, 3*h + 523 = 2*d + 2*d. Is d a prime number?
True
Let t(w) = -7*w**2 - 44*w + 5*w**3 - 2328 + 2*w**2 + 2365 - 4*w**3. Is t(18) a prime number?
True
Let h = 379 + -393. Let o(u) = -3*u**3 + 5*u**2 + 13*u - 31. Is o(h) a prime number?
True
Let f(l) = -20 - 10*l - 10*l**2 - 6*l**2 - 3*l**2 + 18*l**2. Let y be f(-10). Is (y/4 - -8) + (-1838)/(-1) prime?
False
Let s(r) = -1792*r + 6. Let x be s(-6). Suppose -3*d + 2*h + 33 = 0, d + 2*h - 3 = -0*d. Suppose -x = d*q - 15*q. Is q a composite number?
True
Suppose -11*s + 31824 + 9745 = 0. Suppose -p + 714 = -s. Is p composite?
False
Let t = 112478 + -58345. Is t composite?
False
Let q(b) = -b**3 - b + b + 7*b**2 + 11 + 5*b. Let d be q(6). Is 48455/d + (-2)/7 prime?
False
Let a(q) = 0 - 28*q + 0 + 3. Suppose -3*u + 26 = -2*f, -4*f + 0*u - 36 = -2*u. Is a(f) prime?
True
Is 2/(-34) + (-2778485760)/(-13532) a composite number?
False
Let n = 19592 - -59035. Is n a composite number?
True
Let x be (-1)/(4/124) + 1. Let w = x + 26. Is (1/w)/((-10)/21640) a prime number?
True
Suppose -4*d + 0*d = -5*o + 26, -4*o + d + 12 = 0. Suppose -13*y = 2 - o. Suppose -4*k = 0, y = 3*u - 6*k + 2*k - 2391. Is u composite?
False
Let i(q) = q**2 - q - 25. Let j be 2*(9 + -4 - 2). Let b be i(j). Is (1671/(-12))/(1 + b/(-4)) prime?
True
Suppose 48*h = 49*h - 2. Suppose -h*z - 3*z + 6808 = j, -5*j - 1346 = -z. Is z prime?
True
Let j be (32/12)/((-2)/(-3)). Let b be (j - 2 - 0) + 1. Suppose -b*u - p + 20416 = 0, 8*u - 2*p - 27218 = 4*u. Is u composite?
True
Let f be 270/(-10)*1/(-6)*2. Let o be (f - 2 - 3) + -66. Is 1 - -2 - o*1 prime?
False
Let v = -110197 + 232314. Is v a composite number?
False
Let w be (((-10)/(-5))/(2/(-11182)))/(-2). Let u = w + -2760. Is u composite?
True
Let n(s) = 